) = -16*x + 37. Suppose -5*j - 50 = -5*b, b + 3*b - 49 = 5*j. Let f be p(j). Suppose 10*l - 681 + f = 0. What is the units digit of l?
0
Suppose h - 7*h = 10*h. Suppose d + 3*o + 18 - 157 = 0, h = 2*d - 4*o - 288. What is the hundreds digit of d?
1
Suppose -2*u + 2*y = 0, 5*y - 5 - 7 = 2*u. Let f(n) be the first derivative of 4*n**3/3 + 5*n**2 - 34*n + 815. What is the units digit of f(u)?
0
Let c be (6/9)/(10/(-360)). What is the units digit of 1*(-1 + 0 - 19440/c)?
9
Let v = -51306 + 73308. What is the units digit of v?
2
Let b = -35903 + 52463. What is the ten thousands digit of b?
1
Let b(c) = c**3 - 38*c**2 - 98*c - 39. Let y be b(41). Suppose -1042 - y = -3*s. What is the tens digit of s?
7
Suppose -2*l + 7*l - 1377 = -w, 0 = -2*l - w + 549. Suppose -14*u = -11*u - l. Suppose 10*o - 282 = -u. What is the tens digit of o?
1
Suppose -4*m + 3*m = 6094. What is the hundreds digit of (-36)/126 - m/14?
4
What is the hundreds digit of (77 - -1)*228222/837?
2
Suppose -15*a + 567605 = 26*a + 20*a. What is the thousands digit of a?
9
Suppose -3*v + 3*m = -4728, -3*v - 2*m + 341 = -4407. What is the tens digit of v?
8
Let d(k) = -k - 7*k - 60 + 4*k - 4*k. Let z be d(-7). What is the tens digit of 5 - (248/1)/z?
6
Let p be 23916/(-4)*(88/(-12) + 8). What is the tens digit of p/(-3) - 4/(-12)?
2
Let x(s) = s - 18. Let f be x(6). Suppose 207 = -10*h + 1647. Let q = h - f. What is the hundreds digit of q?
1
Let k be 63 - (-6 + 10) - -1*4. Let w = 89 - k. What is the units digit of w?
6
Suppose 32*m + 49 = 25*m. What is the tens digit of (5258/11)/(0 + (-2)/m)?
7
Let o be 2/3*(46/4 - 1). Suppose 5*x + 2*j = 21, -o = -4*x + 2*j + 17. Suppose -2*g = 2*r - 128, -x*r = -3*r - 3*g - 113. What is the tens digit of r?
6
Let a(q) = q + 2*q - 2*q + 7. Let w be a(-4). What is the units digit of (w + 100/(-12))*(-5 - -2)?
6
Let b = 75638 - 36975. What is the tens digit of b?
6
Let r(v) = -79*v - 24. Let c be r(-12). Suppose 48*j + c = 52*j. What is the units digit of j?
1
Suppose -12*v - 1141 = -5*v. Let h = 222 + v. What is the tens digit of h?
5
Suppose -23 = -3*s - 2*r + 7*r, 4*r = 5*s - 34. What is the hundreds digit of 321*(-6)/(s - 12)?
3
Suppose -782699 + 291649 = -14*i. What is the tens digit of i?
7
Suppose 16*d - 416640 - 271494 + 130278 = 0. What is the units digit of d?
6
Suppose 9 = -3*i + 51. What is the tens digit of (6 + i/(-2))*-356?
5
Suppose 8 = 2*q + 14. Let y be q/(-6) - 603/(-2). Suppose 4*n = -5*h - 139 + 384, 2*h = -5*n + y. What is the units digit of n?
0
Let h = 821 - 387. Suppose 3*t = 1021 + h. What is the tens digit of t?
8
Let v(t) = 3*t**2 - 7 - 7 - 10*t - 9*t - 2*t**2. Let k be v(18). What is the tens digit of ((-90)/4 + 2)/(8/k)?
8
Suppose 6*p + 138510 = 51*p. Suppose -p + 1179 = -2*a - 5*m, -3*a - 3*m = -2853. What is the hundreds digit of a?
9
Let n(l) = -l**2 - 51*l - 103. Let z be n(-44). Let d = z - -43. What is the hundreds digit of d?
2
Let w(m) = m**3 - 8*m**2 - m + 7. Let q be w(8). Let b = -111 + 82. What is the units digit of b*q/(3 - 2)?
9
Let z = 49 - 47. Suppose -4*p - 982 = 5*i + 596, 0 = -2*p + z*i - 798. Let x = 616 + p. What is the hundreds digit of x?
2
Suppose 0 = -8*u + 5963 + 1405. Suppose -4*w + u = -5*k, 3*w - 603 - 64 = -k. What is the hundreds digit of w?
2
Let i(d) = -8*d**3 + 10*d**2 + 5*d + 8. Let p be i(-4). Suppose 4*n - 1641 = -5*z, -2*n = -4*z + 2*z + p. What is the tens digit of z?
2
Suppose -2*h + 4*g = -3 - 1, 0 = -5*g + 15. Suppose -7*d + 1 = h. Let k = 69 + d. What is the units digit of k?
8
Let c = 2750 + -248. Let t = -1310 + c. What is the thousands digit of t?
1
Let o(n) = -4*n**3 + 15*n**2 + 5*n - 3. Let m be o(4). What is the tens digit of (-24)/(m + 11) + 5*56?
7
Let n(c) = -5*c - 50. Let k be n(-20). Let y = k - 1. What is the units digit of y?
9
Let n(x) = 44*x**2 + 4*x - 15. Let i be n(5). Let d = -448 + i. What is the tens digit of d?
5
Suppose -9*v + 12731 = -7942. What is the hundreds digit of v?
2
Let p be 1/(-2 + (-9)/(-3)). Let k(g) = 45*g**3 - g**2 - g + 2. What is the tens digit of k(p)?
4
What is the tens digit of (6087/(-9))/(110/(-546) + 2/13)?
0
What is the tens digit of 14 + -15 - (-7035 - 0) - -5?
3
Let o be -7*(-1)/35 + (-49)/(-5). Let l be (-14)/35 + -1 + 34/o. Suppose 3*q + 12 = 0, 2*t + t - 85 = -l*q. What is the units digit of t?
1
Let c be (2/(-3))/(4 + 700/(-174)). Suppose 2*b + c = 5*b + 2*r, -2*b = r - 18. Suppose -b*f + 3*f = -80. What is the units digit of f?
0
Let y = 86 + -9. Let z = y + -73. What is the tens digit of (-14)/28 + 314/z?
7
Suppose -11*t - 20 = -21*t. Suppose t*y - 4*f - 25 + 9 = 0, 5*y - 2*f = 24. Suppose 5*l = -y*i + 230, -2*l = -3*l + 5*i + 46. What is the tens digit of l?
4
Let s(b) = -47*b**2 + b - 5. Let f be s(2). Let n = f + 442. What is the units digit of n?
1
Let h(g) = 347*g - 241. Let l be h(-4). Let t = l - -2541. What is the tens digit of t?
1
Let n(x) = 38*x**2 - 75*x - 10. What is the units digit of n(-14)?
8
Suppose 90 = 86*p - 56*p. Suppose 5409 = 10*l - 5*l - t, p*l = -4*t + 3227. What is the hundreds digit of l?
0
Suppose -5*x = -3*j - 58, -5*j + x - 73 = 53. What is the hundreds digit of (-26)/(4*1/j)?
1
Let w(c) = -4 - 48*c**2 + 4*c + 78*c**2 + 60*c**2. What is the tens digit of w(2)?
6
Suppose -p = 3*p - 1288. Let k be 1 - -16 - (-38 + -59). What is the units digit of k/(-4)*p/(-69)?
3
Let w(r) = 1454*r + 5329. What is the thousands digit of w(16)?
8
Let p(a) = a**3 - 5*a**2 + 4*a + 5. Let f be p(3). What is the hundreds digit of f + 2 + -5 + 455?
4
Let r(n) = -2 + 4*n + 14*n + 3*n**2 - 51 + 28. What is the tens digit of r(19)?
0
Let c(g) = -11*g - 44. Let o(x) = 22*x + 88. Let f(q) = 9*c(q) + 4*o(q). Let u be f(-4). Let r(p) = 5*p + 174. What is the hundreds digit of r(u)?
1
Let k = 29460 + 45116. What is the tens digit of k?
7
Suppose 2544 = 19*y - 11*y. Let f = y + 21. Suppose -5*c + 2*k = -f, -2*k - 201 = -2*c - c. What is the tens digit of c?
6
Suppose 23 = 4*m - 2*m + 3*a, m - 2*a + 6 = 0. What is the hundreds digit of ((-182)/21 - -8)*(-3462)/m?
5
Let a = 3209 - 12761. What is the units digit of 11/((-198)/a)*(-6)/(-8)?
8
Let z = -7309 - -23008. Suppose -2495 - z = -22*t. What is the tens digit of t?
2
Let s(j) = -3*j**2 - 57 - 7*j**2 + 6*j**2 + 59 + 83*j. What is the units digit of s(14)?
0
Let f = 16798 - -12028. What is the hundreds digit of f?
8
Let g be (2/(-6))/((-1)/690). Suppose 3*x = 3*k - 214 - g, -3*x + 620 = 4*k. What is the hundreds digit of k?
1
Let l(i) = 10*i**2 + i - 14. Suppose 3*v = -5*v + 56. Suppose -5*s - 14 = 4*a + v, 23 = -5*s - 2*a. What is the units digit of l(s)?
1
Let p(j) = j**2 + 10*j + 12. Let o be p(-9). Let x(q) = q**3 + 5*q**2 - 5*q - 3. Let d be x(o). Suppose d + 56 = 5*f. What is the units digit of f?
2
Let q(f) = -5483*f - 208. What is the tens digit of q(-3)?
4
Let x be 4 + (81/3)/(-9). What is the units digit of x/(5 + 15256/(-3052))?
3
Let i(k) = 9 + 16 - 3*k + 4. Let t = -1642 + 1642. What is the units digit of i(t)?
9
Let a(q) = -8*q**3 - 3*q**2 + 10*q - 2. Let h(v) = 2*v**2 - 57*v - 34. Let c be h(29). What is the units digit of a(c)?
3
Suppose -5*z + 5*w + 6615 = 0, -4*z - 515*w = -510*w - 5310. What is the hundreds digit of z?
3
Let w = -14023 - -45688. What is the hundreds digit of w?
6
Let y(c) = -c - 13. Let s be y(-13). Suppose v - 2*v + 4 = s. Suppose 5*o - o = -n + 263, 0 = v*o + 3*n - 269. What is the units digit of o?
5
Let v(y) = 47*y - 22*y**2 + 4*y**3 - 32*y - 5*y**3 - 18. What is the hundreds digit of v(-23)?
1
Let h(l) = -l - 21. Let c be h(-3). Let d be (-1)/((-14)/4) - c/(-14). What is the tens digit of 5/(5/(-207))*d?
0
Let i(s) = 16*s**2 - 11*s - 50. Let c be i(4). Let w = -44 - 4. Let y = c + w. What is the units digit of y?
4
Let d = 325 + 1236. Suppose -3 = 3*v, v = 2*g - 4*v - d. What is the hundreds digit of g?
7
Let l be 24*(-4)/(-60)*5. Suppose 0*u = -l*u + 2264. What is the hundreds digit of u?
2
Suppose 3*i - 4*o = -o - 315, -2*i = 2*o + 190. Let v = i - -39. Let z = v + 151. What is the tens digit of z?
9
Let t be 2/20*4 + (-19558)/(-55). Suppose -4218 = -362*d + t*d. What is the tens digit of d?
0
Let h = -1 - 3. Let v(q) = -10 - 12*q + 10*q + 5*q - 6*q. What is the units digit of v(h)?
2
Suppose -110*i + 753787 + 1969043 = 0. What is the